{"id":12,"date":"2013-01-18T13:45:20","date_gmt":"2013-01-18T11:45:20","guid":{"rendered":"http:\/\/www.tierpraxis-stadler.de\/?page_id=12"},"modified":"2022-02-07T15:28:12","modified_gmt":"2022-02-07T14:28:12","slug":"leistungsspektrum","status":"publish","type":"page","link":"https:\/\/www.tierpraxis-stadler.de\/?page_id=12","title":{"rendered":"Leistungsspektrum"},"content":{"rendered":"<p><img loading=\"lazy\" decoding=\"async\" src=\"http:\/\/www.tierpraxis-stadler.de\/wp-content\/uploads\/2013\/01\/spektrum-1.jpg\" alt=\"Tierpraxis Stadler - Spektrum\" width=\"1700\" height=\"900\" class=\"alignnone size-full wp-image-602\" srcset=\"https:\/\/www.tierpraxis-stadler.de\/wp-content\/uploads\/2013\/01\/spektrum-1.jpg 1700w, https:\/\/www.tierpraxis-stadler.de\/wp-content\/uploads\/2013\/01\/spektrum-1-679x359.jpg 679w, https:\/\/www.tierpraxis-stadler.de\/wp-content\/uploads\/2013\/01\/spektrum-1-768x407.jpg 768w, https:\/\/www.tierpraxis-stadler.de\/wp-content\/uploads\/2013\/01\/spektrum-1-1024x542.jpg 1024w\" sizes=\"auto, (max-width: 1700px) 100vw, 1700px\" \/><\/p>\n<h1> Ob bei akuten oder chronischen Erkrankungen, zur Vorsorge oder Ausleitung und Entgiftung:<\/h1>\n<h1 class=\"teaser\">Die Naturheilkunde bietet viele M\u00f6glichkeiten, sanft und dabei tiefgreifend auf k\u00f6rperliche und psychische Symptome  unserer Tiere einzuwirken, ihre Gesundheit zu unterst\u00fctzen und ihre Genesung einzuleiten.<br \/>\n<\/h1>\n<hr \/>\n<h3>Schnellauswahl:<\/h3>\n<ul>\n<li><a href=\"#anker0\">Therapien<\/a> (bitte Doppelklick um das angebotene Therapiespektrum einzusehen)<\/li>\n<li><a href=\"#anker1\">Ausleitung und Entgiftung<\/a><\/li>\n<li><a href=\"#anker2\">Bioresonanz-Analyse<\/a><\/li>\n<li><a href=\"#anker2\">Dunkelfeld-Mikroskopie \/ Vitalblutdiagnostik<\/a><\/li>\n<li><a href=\"#anker3\">Ern\u00e4hrungsberatung<\/a><\/li>\n<li><a href=\"#anker4\">Vorsorge<\/a><\/li>\n<li><a href=\"#anker5\">Labor<\/a><\/li>\n<\/ul>\n<hr \/>\n<h1 class=\"teaser\"><a name=\"anker0\">Therapien<br \/>\n\t<\/a><\/h1>\n<p>Klicken sie auf die nachfolgenden Therapien, um genauere Informationen zu erhalten:<\/p>\n<div class=\"layer1\">\n<p class=\"heading\"><span id=\"hom\">Klassische Hom\u00f6opathie<\/span><\/p>\n<div class=\"inhalt\"><img loading=\"lazy\" decoding=\"async\" src=\"http:\/\/www.tierpraxis-stadler.de\/wp-content\/uploads\/2013\/01\/homoeopathie.jpg\" alt=\"homoeopathie\" width=\"659\" height=\"380\" class=\"alignnone size-full wp-image-308\" \/><\/p>\n<p>W\u00f6rtlich \u00fcbersetzt bedeutet Hom\u00f6opathie \u201e\u00e4hnliches Leiden\u201c und basiert auf der Grundannahme des \u00c4hnlichkeitsprinzips: \u201esimilia similibus curentur\u201c (\u00c4hnliches soll durch \u00c4hnliches geheilt werden). Das bedeutet, dass ein Stoff, der in gr\u00f6\u00dferer Menge bei einem gesunden Lebewesen ganz bestimmte Krankheitssymptome verursacht, in hom\u00f6opathisch aufbereiteter, potenzierter Form genau diese Symptome an einer Krankheit zu heilen vermag.\n\t\t<\/p>\n<p>Die Hom\u00f6opathie ist eine ganzheitlich ausgerichtete Therapie: Hom\u00f6opathische Mittel werden nicht nach einer klinischen Diagnose oder den Ergebnissen eines Blutbildes oder Ultraschallbefundes ausgesucht, sondern nach den individuellen k\u00f6rperlichen und psychischen Symptomen jedes einzelnen Patienten. Alle Ver\u00e4nderungen und individuellen Auspr\u00e4gungen sind dabei wichtig. Nur so kann die Krankheit in vollem Umfang erfasst und das Gleichgewicht im K\u00f6rper wiederhergestellt werden.\n\t\t<\/p>\n<p>Symptome sind Hinweise auf ein Ungleichgewicht im Organismus, eine Art Fehlschwingung, die sich bei jedem Patienten etwas anders darstellt. Ist das hom\u00f6opathische Mittel richtig gew\u00e4hlt, zeigt es eine \u00e4hnliche Schwingung auf wie die Krankheit. Passt nun auch die ausgew\u00e4hlte Potenz des Mittels, so ist die Schwingung ein Hauch st\u00e4rker, wie die der Krankheit im Organismus und dem Mittel gelingt es, diese umzulenken. Es geht quasi in Resonanz mit der Krankheit, mit dem Ziel, die Lebenskraft des Organismus wiederherzustellen. Die Selbstheilungskr\u00e4fte des K\u00f6rpers werden aktiviert, die Fehlschwingungen umgelenkt und der K\u00f6rper  zur Heilung und damit wieder ins Gleichgewicht gef\u00fchrt.\n\t\t<\/p>\n<p>Die Heilung erfolgt in der Hom\u00f6opathie dabei oft nach dem Heringschen Gesetz. D.h.:<\/p>\n<ul>\n<li>die Symptome verschwinden meist in umgekehrter Reihenfolge ihrer Entstehung. D.h. als erstes verschwinden die Symptome, die zuletzt aufgetreten sind. Symptome die schon l\u00e4nger bestehen, brauchen auch l\u00e4nger f\u00fcr ihre Ausheilung. Oftmals treten auch Symptome von fr\u00fcher noch einmal auf, um danach g\u00e4nzlich auszuheilen.\n\t\t\t<\/li>\n<li>Die Heilung erfolgt von innen nach au\u00dfen, von den lebenswichtigen zu den weniger lebenswichtigen Organen und\n\t\t\t<\/li>\n<li>von oben nach unten.<\/li>\n<\/ul>\n<p>Das muss nicht immer so passieren, aber wenn es so passiert, ist es ein sehr gutes Zeichen!<\/p>\n<\/p><\/div>\n<p><!--end--><\/p>\n<p class=\"heading\"><span id=\"tcm\">Traditionelle Chinesische Medizin:<\/span> Akupunktur, Moxibustion und Chinesische Kr\u00e4uter<\/p>\n<div class=\"inhalt\">\n\t\t<img loading=\"lazy\" decoding=\"async\" src=\"http:\/\/www.tierpraxis-stadler.de\/wp-content\/uploads\/2013\/01\/chart_neu_web.jpg\" alt=\"chart_neu_web\" width=\"659\" height=\"415\" class=\"alignnone size-full wp-image-489\" \/><\/p>\n<p>Die Traditionelle Chinesische Medizin (TCM) basiert auf einer ganzheitlichen Denkweise und Diagnostik, die auf eine mehr als 3.000 Jahre alte Tradition und Praxiserfahrung gr\u00fcndet. Gesundheit ist in der Chinesischen Medizin definiert als: \u201eYin und Yang befinden sich im Gleichgewicht. Das Qi (Lebensenergie) flie\u00dft frei und ungehindert durch alle K\u00f6rperbereiche (Meridiane).\u201c\n\t\t<\/p>\n<h3>UNGLEICHGEWICHTE F\u00dcHREN ZU KRANKHEITEN.<\/h3>\n<p>Alle Funktionsbereiche im K\u00f6rper sind miteinander verbunden und k\u00f6nnen nicht isoliert voneinander betrachtet werden. Diesen Kreislauf, in den der Organismus eingebunden ist, definiert die TCM als die 5 Wandlungspasen bzw. die 5-Elemente-Lehre. Sie beschreibt die Wechselwirkung zwischen dem Lebewesen und der Umwelt ebenso wie zwischen den einzelnen Organen und Funktionsbereichen des K\u00f6rpers. Jede Wandlungsphase steht f\u00fcr ein Organsystem, einen Jahreszeiten- und Witterungseinfluss, ein K\u00f6rpergewebe, ein Sinnesorgan, eine Emotion \u2026.\n\t\t<\/p>\n<p>Diese Wandlungsphasen unterliegen einer Gesetzm\u00e4\u00dfigkeit. Sie machen die Entstehung und Weiterentwicklung von Krankheiten erkl\u00e4rbar und geben Anhaltspunkte, in welchen Organ- und Meridianbereichen die Ursache f\u00fcr das Ungleichgewicht zu suchen und  wo therapeutisch anzusetzen ist. Eine Schw\u00e4che an einer Stelle, hat Auswirkungen auf das gesamte System und pflanzt sich an anderer Stelle fort. Beispiele und weitere Erkl\u00e4rungen unter <a href=\"http:\/\/www.tierpraxis-stadler.de\/?cat=4\">Wissenswertes<\/a>.\n\t\t<\/p>\n<p>Mit TCM k\u00f6nnen sowohl innere Erkrankungen, Probleme im Bewegungsapparat, Verhaltensst\u00f6rungen, Hautprobleme , Allergien etc. behandelt werden. Auch die Vitalit\u00e4t und Widerstandkraft gegen Erkrankungen kann durch sie gest\u00e4rkt werden.\n\t\t<\/p>\n<p>Grunds\u00e4tzlich gilt:<br \/>\n\t\t\t<b>DIE TCM KANN REGULIEREN WAS GEST\u00d6RT IST, ABER NICHT REPARIEREN WAS ZERST\u00d6RT IST.<\/b>\n\t\t<\/p>\n<p>Sie verfolgt das Ziel, krankheitsbedingte Blockaden zu l\u00f6sen und den ungehinderten Energiefluss und damit das Gleichgewicht im K\u00f6rper wiederherzustellen. Zu den therapeutischen Verfahren z\u00e4hlen dabei vor allem die Chinesische Kr\u00e4utermedizin, Akupunktur und Moxibustion  (Erw\u00e4rmung von Akupunkturpunkten). Alle 3 Therapieformen werden \u00fcber unsere Naturheilpraxis angeboten und sind seit Jahrtausenden bew\u00e4hrt.\n\t\t<\/p>\n<\/p><\/div>\n<p><!--end--><\/p>\n<p class=\"heading\">Phytotherapie<\/p>\n<div class=\"inhalt\"><img loading=\"lazy\" decoding=\"async\" src=\"http:\/\/www.tierpraxis-stadler.de\/wp-content\/uploads\/2013\/01\/phytotherapie.jpg\" alt=\"phytotherapie\" width=\"659\" height=\"414\" class=\"alignnone size-full wp-image-309\" \/><\/p>\n<p>Sie z\u00e4hlt zu der \u00e4ltesten Medizin der Welt. Menschen aller Kulturen kannten die Wirkung von Pflanzen und nutzten sie zur Heilung und Linderung ihrer Beschwerden. In der Pflanzenheilkunde haben die meisten der heutigen modernen schulmedizinischen Wirkstoffsysteme ihren Ursprung.\n\t\t<\/p>\n<p>Zum Einsatz kommen in der Phytotherapie immer ganze Pflanzen oder Pflanzenteile wie Rinde, Wurzel, Samen, Bl\u00e4tter oder Bl\u00fcten, die frisch oder getrocknet, als Aufguss, Tee, \u00e4therisches \u00d6l, Salbe oder Tinktur angewendet werden.\n\t\t<\/p>\n<p>Phytotherapeutika besitzen ein breites therapeutisches Anwendungsspektrum und Wirkprofil. Im Vergleich zu synthetisch hergestellten Arzneimitteln zeigen sie oft weniger Nebenwirkungen und bei richtiger Dosierung und Anwendung sind sie f\u00fcr den vierbeinigen Patienten sehr vertr\u00e4glich.\n\t\t<\/p>\n<hr \/>\n<p><em>Gerne setze ich, bei Bedarf,  die Pflanzenheilkunde als unterst\u00fctzende symptomatische Therapie<br \/>bei meinen Patienten ein.<br \/>\n\t\t\t<\/em>\n\t\t<\/p>\n<\/p><\/div>\n<p><!--end-->\n<\/div>\n<h1 class=\"teaser\"><a name=\"anker1\">Ausleitung und Entgiftung<br \/>\n\t<\/a><\/h1>\n<p>Zahlreiche Belastungen wirken auf unsere Tiere ein: chemische Substanzen \u00fcber Futtermittel, Medikamente, Umweltgifte, j\u00e4hrliche Impfungen etc. aber auch selbsterzeugte Gifte durch mangelhafte Verdauung,  bakterielle Fehlbesiedlung auf Haut und Schleimhaut usw. Die Ablagerung der Giftstoffe kann dazu f\u00fchren, dass Zellen und Organe nicht mehr optimal arbeiten.\n<\/p>\n<p>Es k\u00f6nnen sich unterschiedlichsten St\u00f6rungen und gesundheitlichen Probleme zeigen. Betroffen sind keineswegs nur \u00e4ltere Tiere! Bereits bei Jungtieren kann das Fass zum \u00dcberlaufen kommen. \u00dcber verschiedene hom\u00f6opathische Ausleitungs- und Entgiftungsmittel kann der K\u00f6rper von diesen Stoffen befreit werden. Die Selbstheilungskr\u00e4fte regenerieren sich, der Weg zur Heilung wird so oftmals erst m\u00f6glich. Eine fr\u00fchzeitige und regelm\u00e4\u00dfige Entgiftung und Ausleitung kann entscheidend zur Gesundheit des Tieres beitragen und der Entstehung von Krankheiten vorbeugen.\n<\/p>\n<hr \/>\n<h1 class=\"teaser\"><a name=\"anker2\">Bioresonanz-Analyse<\/a><br \/>\n<\/h1>\n<p>Die Bioresonanz-Analyse ist eine physikalische Methode, mit deren Hilfe sich Erkrankungen, beteiligte Organ-\/Meridianbereiche, Energiemangelzust\u00e4nde und Blockaden im K\u00f6rper erkennen lassen. Sie gibt Aufschluss, inwieweit physische, biochemische oder psychische Komponenten als Ursache f\u00fcr die Krankheitsentstehung in Betracht gezogen werden m\u00fcssen.<\/p>\n<p>Ein K\u00f6rper besteht nicht nur aus Materie. Er verarbeitet eine unvorstellbare Zahl an Informationen, \u00e4hnlich einem Computersystem. Fehlinformationen k\u00f6nnen zu Krankheitssymptomen f\u00fchren. Bioenergetische Testverfahren, zu denen auch die Kinesiologie z\u00e4hlt, erfassen die jeweiligen elektromagnetischen Schwingungen. Der energetische Zustand der einzelnen Organ- und Meridianbereich kann so getestet werden, aber auch einzelne Substanzen wie Futtermittel, Allergene etc.<\/p>\n<p>Werden Zellen oder ganze Organe durch Krankheiten, Schadstoffe, Stress oder Allergene ver\u00e4ndert, ver\u00e4ndert sich auch das elektromagnetische Schwingungsmuster. Diese \u201egest\u00f6rten\u201c Schwingungen werden mit Hilfe der Bioresonanz-Analyse erkannt und lassen Aussagen auf krankhafte Prozesse und St\u00f6rungen lokaler und genereller Art zu. Man erh\u00e4lt Hinweise bzgl. der Leistungsf\u00e4higkeit jedes einzelnen Organs.<\/p>\n<p>Lange bevor eine organspezifische Erkrankung nachweisbar ist, zeichnen sich bereits St\u00f6rungen im bioenergetischen Informationsbereich ab. Das Tier hat  bereits die ein oder andere Beschwerde, die schulmedizinisch zu diesem Zeitpunkt jedoch noch nicht nachweisbar und dadurch manchmal auch nicht zu erkl\u00e4ren ist.<br \/>\n\tFr\u00fchzeitig \u00fcber die Bioresonanz-Analyse erkannt und daraufhin behandelt, k\u00f6nnen sich ernsthaftere Krankheiten verhindern und vorbeugen lassen.<\/p>\n<p>F\u00fcr das Tier ist die Testung absolut stressfrei. Es werden lediglich Haare oder wenige Tropfen Blut des Patienten ben\u00f6tigt. Auch Allergien und Futtermittelunvertr\u00e4glichkeiten k\u00f6nnen mittels dieses Verfahrens zuverl\u00e4ssig und schnell erkannt werden.\n<\/p>\n<hr \/>\n<h1 class=\"teaser\"><a name=\"anker3\">Ern\u00e4hrungsberatung<\/a><\/h1>\n<p>\n\tEine optimale Ern\u00e4hrung ist eine der ZENTRALEN S\u00c4ULEN f\u00fcr ein langes und gesundes Leben unserer Vierbeiner! Probleme mit einzelnen Inhaltsstoffen  aus Nahrungsmitteln  und\/oder Futterunvertr\u00e4glichkeiten \u00e4u\u00dfern sich nicht nur \u00fcber Symptome im Verdauungstrakt. Juckreiz, Hautprobleme, ein mattes, schuppiges oder klebriges Fell, ein muffiger Geruch, \u00dcbergewicht, Gelenkprobleme, Energiemangel etc. sind nur einige der m\u00f6glichen Folgen.\n<\/p>\n<p>\u00dcber die Bioresonanz-Analyse sind Allergien und Futtermittelunvertr\u00e4glichkeiten schnell, zuverl\u00e4ssig und f\u00fcr das Tier v\u00f6llig stressfrei auszutesten. Gerne beraten wir Sie auch auf Wunsch ausf\u00fchrlich hinsichtlich einer f\u00fcr den jeweiligen Patienten passenden  art- und altersgerechten sowie ausgewogenen Ern\u00e4hrung und erstelle individuelle Futterpl\u00e4ne.\n<\/p>\n<hr \/>\n<h1 class=\"teaser\"><a name=\"anker4\">Vorsorge<\/a><\/h1>\n<p>\n\tDie Gesundheitsvorsorge kann entscheidend dazu beitragen, Krankheiten fr\u00fchzeitig zu erkennen und vorzubeugen. Sowohl bei den Welpen und Fohlen, Jungtieren als auch bei den Senioren.  Im Bereich der Naturheilkunde bieten sich, neben einer ausf\u00fchrlichen Untersuchung und Anamnese, insbesondere \u00fcber die <a href=\"#anker2\">Bioresonanz-Anaylse<\/a> und <a href=\"#tcm\">Traditionelle Chinesische Medizin<\/a> zuverl\u00e4ssige M\u00f6glichkeiten, St\u00f6rungen und Ungleichgewichte fr\u00fchzeitig zu erkennen, lange bevor eine organspezifische Erkrankung schulmedizinisch nachweisbar ist.\n<\/p>\n<p>Auch eine fr\u00fchzeitige und regelm\u00e4\u00dfige <a href=\"#anker1\">Ausleitung und Entgiftung<\/a> kann entscheidend zur Gesundheit des Tieres beitragen. In der <a href=\"#hom\">Hom\u00f6opathie<\/a> bietet die konstitutionelle Therapie die M\u00f6glichkeit, die Lebenskraft bei unseren Tieren zu erh\u00f6hen, ihre Selbstheilungskr\u00e4fte zu st\u00e4rken  und damit die Anf\u00e4lligkeit f\u00fcr Krankheiten zu verringern.\n<\/p>\n<hr \/>\n<h1 class=\"teaser\"><a name=\"anker5\">Labor<\/a><\/h1>\n<ul>\n<li>Kotuntersuchung<\/li>\n<li>Urinuntersuchung<\/li>\n<li>Hautgeschabsel<\/li>\n<\/ul>\n<hr \/>\n<p><em>Um den gesetzlichen Anforderungen zu entsprechen, weisen wir darauf hin, dass die angewandten Methoden und Therapien nicht naturwissenschaftlich bewiesen und von der Schulmedizin nicht anerkannt sind.<br \/>\n\t<\/em><\/p>\n","protected":false},"excerpt":{"rendered":"<p>Ob bei akuten oder chronischen Erkrankungen, zur Vorsorge oder Ausleitung und Entgiftung: Die Naturheilkunde bietet viele M\u00f6glichkeiten, sanft und dabei tiefgreifend auf k\u00f6rperliche und psychische Symptome unserer Tiere einzuwirken, ihre Gesundheit zu unterst\u00fctzen und ihre Genesung einzuleiten. Schnellauswahl: Therapien (bitte Doppelklick um das angebotene Therapiespektrum einzusehen) Ausleitung und Entgiftung Bioresonanz-Analyse Dunkelfeld-Mikroskopie \/ Vitalblutdiagnostik Ern\u00e4hrungsberatung Vorsorge&#8230; <a class=\"more-link\" href=\"https:\/\/www.tierpraxis-stadler.de\/?page_id=12\" rel=\"nofollow\">Weiter lesen &raquo;<\/a><\/p>\n","protected":false},"author":1,"featured_media":0,"parent":0,"menu_order":0,"comment_status":"closed","ping_status":"closed","template":"","meta":{"_genesis_hide_title":false,"_genesis_hide_breadcrumbs":false,"_genesis_hide_singular_image":false,"_genesis_hide_footer_widgets":false,"_genesis_custom_body_class":"","_genesis_custom_post_class":"","_genesis_layout":"sidebar-content","footnotes":""},"class_list":{"0":"post-12","1":"page","2":"type-page","3":"status-publish","5":"entry"},"_links":{"self":[{"href":"https:\/\/www.tierpraxis-stadler.de\/index.php?rest_route=\/wp\/v2\/pages\/12","targetHints":{"allow":["GET"]}}],"collection":[{"href":"https:\/\/www.tierpraxis-stadler.de\/index.php?rest_route=\/wp\/v2\/pages"}],"about":[{"href":"https:\/\/www.tierpraxis-stadler.de\/index.php?rest_route=\/wp\/v2\/types\/page"}],"author":[{"embeddable":true,"href":"https:\/\/www.tierpraxis-stadler.de\/index.php?rest_route=\/wp\/v2\/users\/1"}],"replies":[{"embeddable":true,"href":"https:\/\/www.tierpraxis-stadler.de\/index.php?rest_route=%2Fwp%2Fv2%2Fcomments&post=12"}],"version-history":[{"count":90,"href":"https:\/\/www.tierpraxis-stadler.de\/index.php?rest_route=\/wp\/v2\/pages\/12\/revisions"}],"predecessor-version":[{"id":859,"href":"https:\/\/www.tierpraxis-stadler.de\/index.php?rest_route=\/wp\/v2\/pages\/12\/revisions\/859"}],"wp:attachment":[{"href":"https:\/\/www.tierpraxis-stadler.de\/index.php?rest_route=%2Fwp%2Fv2%2Fmedia&parent=12"}],"curies":[{"name":"wp","href":"https:\/\/api.w.org\/{rel}","templated":true}]}}