{"id":15,"date":"2013-01-18T13:45:56","date_gmt":"2013-01-18T11:45:56","guid":{"rendered":"http:\/\/www.tierpraxis-stadler.de\/?page_id=15"},"modified":"2019-10-06T14:06:28","modified_gmt":"2019-10-06T12:06:28","slug":"praxis","status":"publish","type":"page","link":"https:\/\/www.tierpraxis-stadler.de\/?page_id=15","title":{"rendered":"Praxis"},"content":{"rendered":"<p><img loading=\"lazy\" decoding=\"async\" src=\"http:\/\/www.tierpraxis-stadler.de\/wp-content\/uploads\/2013\/01\/praxis-2.jpg\" alt=\"Tierpraxis Stadler - Praxis\" width=\"1700\" height=\"900\" class=\"alignnone size-full wp-image-631\" srcset=\"https:\/\/www.tierpraxis-stadler.de\/wp-content\/uploads\/2013\/01\/praxis-2.jpg 1700w, https:\/\/www.tierpraxis-stadler.de\/wp-content\/uploads\/2013\/01\/praxis-2-679x359.jpg 679w, https:\/\/www.tierpraxis-stadler.de\/wp-content\/uploads\/2013\/01\/praxis-2-768x407.jpg 768w, https:\/\/www.tierpraxis-stadler.de\/wp-content\/uploads\/2013\/01\/praxis-2-1024x542.jpg 1024w\" sizes=\"auto, (max-width: 1700px) 100vw, 1700px\" \/><\/p>\n<h1>IN M\u00dcNCHEN UND AM AMMERSEE<\/h1>\n<p>Nach jahrelanger T\u00e4tigkeit in M\u00fcnchen haben wir im Jahre 2016 unseren Praxisstandort an den wundersch\u00f6nen Ammersee verlegt.<br \/>\nUnsere Sprechzeiten wurden erweitert und das Diagnostik- und Leistungsspektrum weiter ausgebaut.<br \/>\nIm Haus der Tierpraxis f\u00fcr ganzheitliche Therapie finden dar\u00fcber hinaus ganzj\u00e4hrig immer wieder Seminare und Veranstaltungen statt. Sprechen Sie uns gerne an. <\/p>\n<p>Auch zuk\u00fcnftig sind wir weiterhin noch in M\u00fcnchen und bieten donnerstags eine Sprechstunde an, im M\u00fcnchner Osten.\n<\/p>\n<h2>\u00d6FFNUNGSZEITEN IN UTTING AM AMMERSEE<\/h2>\n<p>\tMontag von 9 bis 13 Uhr und 16 bis 18 Uhr<br \/>\n\tDienstag von 9 bis 13 Uhr und 16 bis 18 Uhr<br \/>\n\tMittwoch von 9 bis 13 Uhr<br \/>\n\tDonnerstag ist die Praxis in Utting geschlossen (Sprechstunde in M\u00fcnchen!)<br \/>\n\tFreitag von 9 bis 13 Uhr und 16 bis 18 Uhr\n<\/p>\n<p>\tTierpraxis f\u00fcr ganzheitliche Therapie, Schondorfer Strasse 3a, 86919 Utting am Ammersee\n<\/p>\n<h2>DONNERSTAG SPRECHSTUNDE IN M\u00dcNCHEN<\/h2>\n<p class=\"mix\">\n\tWachtelweg 2, 81827 M\u00fcnchen (bei H &#038; HUF, Therapeuten-Team f\u00fcr Hund und Pferd)<br \/>\n\tvon 13 bis 19 Uhr\n<\/p>\n<p style=\"strong\">Termine f\u00fcr Utting und M\u00fcnchen bitte nur nach vorheriger Terminvereinbarung: 08806  95 88 618<\/p>\n<p class=\"mix\"><strong>Selbstverst\u00e4ndlich stehen wir f\u00fcr unsere Pferdepatienten als Mobile Fahrpraxis zur Verf\u00fcgung<\/strong>.<br \/>Auch zu Ihrem Hund oder Ihrer Katze kommen wir auf Wunsch nach Hause, sollten Sie das w\u00fcnschen.<\/p>\n<h2>Impressionen<\/h2>\n<div class=\"one-half first\"><img loading=\"lazy\" decoding=\"async\" src=\"http:\/\/www.tierpraxis-stadler.de\/wp-content\/uploads\/2013\/01\/tierpraxis-impressionen-01-679x453.jpg\" alt=\"tierpraxis-impressionen-01\" width=\"679\" height=\"453\" class=\"alignnone size-medium wp-image-558\" srcset=\"https:\/\/www.tierpraxis-stadler.de\/wp-content\/uploads\/2013\/01\/tierpraxis-impressionen-01-679x453.jpg 679w, https:\/\/www.tierpraxis-stadler.de\/wp-content\/uploads\/2013\/01\/tierpraxis-impressionen-01-768x512.jpg 768w, https:\/\/www.tierpraxis-stadler.de\/wp-content\/uploads\/2013\/01\/tierpraxis-impressionen-01-1024x683.jpg 1024w, https:\/\/www.tierpraxis-stadler.de\/wp-content\/uploads\/2013\/01\/tierpraxis-impressionen-01.jpg 1200w\" sizes=\"auto, (max-width: 679px) 100vw, 679px\" \/><\/div>\n<div class=\"one-half\"><img loading=\"lazy\" decoding=\"async\" src=\"http:\/\/www.tierpraxis-stadler.de\/wp-content\/uploads\/2013\/01\/tierpraxis-impressionen-02-679x453.jpg\" alt=\"tierpraxis-impressionen-02\" width=\"679\" height=\"453\" class=\"alignnone size-medium wp-image-559\" srcset=\"https:\/\/www.tierpraxis-stadler.de\/wp-content\/uploads\/2013\/01\/tierpraxis-impressionen-02-679x453.jpg 679w, https:\/\/www.tierpraxis-stadler.de\/wp-content\/uploads\/2013\/01\/tierpraxis-impressionen-02-768x512.jpg 768w, https:\/\/www.tierpraxis-stadler.de\/wp-content\/uploads\/2013\/01\/tierpraxis-impressionen-02-1024x683.jpg 1024w, https:\/\/www.tierpraxis-stadler.de\/wp-content\/uploads\/2013\/01\/tierpraxis-impressionen-02.jpg 1200w\" sizes=\"auto, (max-width: 679px) 100vw, 679px\" \/><\/div>\n<div class=\"one-half first\"><img loading=\"lazy\" decoding=\"async\" src=\"http:\/\/www.tierpraxis-stadler.de\/wp-content\/uploads\/2013\/01\/tierpraxis-impressionen-03-679x453.jpg\" alt=\"tierpraxis-impressionen-03\" width=\"679\" height=\"453\" class=\"alignnone size-medium wp-image-560\" srcset=\"https:\/\/www.tierpraxis-stadler.de\/wp-content\/uploads\/2013\/01\/tierpraxis-impressionen-03-679x453.jpg 679w, https:\/\/www.tierpraxis-stadler.de\/wp-content\/uploads\/2013\/01\/tierpraxis-impressionen-03-768x512.jpg 768w, https:\/\/www.tierpraxis-stadler.de\/wp-content\/uploads\/2013\/01\/tierpraxis-impressionen-03-1024x683.jpg 1024w, https:\/\/www.tierpraxis-stadler.de\/wp-content\/uploads\/2013\/01\/tierpraxis-impressionen-03.jpg 1200w\" sizes=\"auto, (max-width: 679px) 100vw, 679px\" \/><\/div>\n<div class=\"one-half\"><img loading=\"lazy\" decoding=\"async\" src=\"http:\/\/www.tierpraxis-stadler.de\/wp-content\/uploads\/2013\/01\/tierpraxis-impressionen-04-679x453.jpg\" alt=\"tierpraxis-impressionen-04\" width=\"679\" height=\"453\" class=\"alignnone size-medium wp-image-561\" srcset=\"https:\/\/www.tierpraxis-stadler.de\/wp-content\/uploads\/2013\/01\/tierpraxis-impressionen-04-679x453.jpg 679w, https:\/\/www.tierpraxis-stadler.de\/wp-content\/uploads\/2013\/01\/tierpraxis-impressionen-04-768x512.jpg 768w, https:\/\/www.tierpraxis-stadler.de\/wp-content\/uploads\/2013\/01\/tierpraxis-impressionen-04-1024x683.jpg 1024w, https:\/\/www.tierpraxis-stadler.de\/wp-content\/uploads\/2013\/01\/tierpraxis-impressionen-04.jpg 1200w\" sizes=\"auto, (max-width: 679px) 100vw, 679px\" \/><\/div>\n<div class=\"one-half first\"><img loading=\"lazy\" decoding=\"async\" src=\"http:\/\/www.tierpraxis-stadler.de\/wp-content\/uploads\/2013\/01\/tierpraxis-impressionen-05-679x453.jpg\" alt=\"tierpraxis-impressionen-05\" width=\"679\" height=\"453\" class=\"alignnone size-medium wp-image-562\" srcset=\"https:\/\/www.tierpraxis-stadler.de\/wp-content\/uploads\/2013\/01\/tierpraxis-impressionen-05-679x453.jpg 679w, https:\/\/www.tierpraxis-stadler.de\/wp-content\/uploads\/2013\/01\/tierpraxis-impressionen-05-768x512.jpg 768w, https:\/\/www.tierpraxis-stadler.de\/wp-content\/uploads\/2013\/01\/tierpraxis-impressionen-05-1024x683.jpg 1024w, https:\/\/www.tierpraxis-stadler.de\/wp-content\/uploads\/2013\/01\/tierpraxis-impressionen-05.jpg 1200w\" sizes=\"auto, (max-width: 679px) 100vw, 679px\" \/><\/div>\n<div class=\"one-half\"><img loading=\"lazy\" decoding=\"async\" src=\"http:\/\/www.tierpraxis-stadler.de\/wp-content\/uploads\/2013\/01\/tierpraxis-impressionen-06-679x453.jpg\" alt=\"tierpraxis-impressionen-06\" width=\"679\" height=\"453\" class=\"alignnone size-medium wp-image-563\" srcset=\"https:\/\/www.tierpraxis-stadler.de\/wp-content\/uploads\/2013\/01\/tierpraxis-impressionen-06-679x453.jpg 679w, https:\/\/www.tierpraxis-stadler.de\/wp-content\/uploads\/2013\/01\/tierpraxis-impressionen-06-768x512.jpg 768w, https:\/\/www.tierpraxis-stadler.de\/wp-content\/uploads\/2013\/01\/tierpraxis-impressionen-06-1024x683.jpg 1024w, https:\/\/www.tierpraxis-stadler.de\/wp-content\/uploads\/2013\/01\/tierpraxis-impressionen-06.jpg 1200w\" sizes=\"auto, (max-width: 679px) 100vw, 679px\" \/><\/div>\n","protected":false},"excerpt":{"rendered":"<p>IN M\u00dcNCHEN UND AM AMMERSEE Nach jahrelanger T\u00e4tigkeit in M\u00fcnchen haben wir im Jahre 2016 unseren Praxisstandort an den wundersch\u00f6nen Ammersee verlegt. Unsere Sprechzeiten wurden erweitert und das Diagnostik- und Leistungsspektrum weiter ausgebaut. Im Haus der Tierpraxis f\u00fcr ganzheitliche Therapie finden dar\u00fcber hinaus ganzj\u00e4hrig immer wieder Seminare und Veranstaltungen statt. Sprechen Sie uns gerne an&#8230;. <a class=\"more-link\" href=\"https:\/\/www.tierpraxis-stadler.de\/?page_id=15\" rel=\"nofollow\">Weiter lesen &raquo;<\/a><\/p>\n","protected":false},"author":1,"featured_media":0,"parent":0,"menu_order":0,"comment_status":"closed","ping_status":"closed","template":"","meta":{"_genesis_hide_title":false,"_genesis_hide_breadcrumbs":false,"_genesis_hide_singular_image":false,"_genesis_hide_footer_widgets":false,"_genesis_custom_body_class":"","_genesis_custom_post_class":"","_genesis_layout":"","footnotes":""},"class_list":{"0":"post-15","1":"page","2":"type-page","3":"status-publish","5":"entry"},"_links":{"self":[{"href":"https:\/\/www.tierpraxis-stadler.de\/index.php?rest_route=\/wp\/v2\/pages\/15","targetHints":{"allow":["GET"]}}],"collection":[{"href":"https:\/\/www.tierpraxis-stadler.de\/index.php?rest_route=\/wp\/v2\/pages"}],"about":[{"href":"https:\/\/www.tierpraxis-stadler.de\/index.php?rest_route=\/wp\/v2\/types\/page"}],"author":[{"embeddable":true,"href":"https:\/\/www.tierpraxis-stadler.de\/index.php?rest_route=\/wp\/v2\/users\/1"}],"replies":[{"embeddable":true,"href":"https:\/\/www.tierpraxis-stadler.de\/index.php?rest_route=%2Fwp%2Fv2%2Fcomments&post=15"}],"version-history":[{"count":33,"href":"https:\/\/www.tierpraxis-stadler.de\/index.php?rest_route=\/wp\/v2\/pages\/15\/revisions"}],"predecessor-version":[{"id":437,"href":"https:\/\/www.tierpraxis-stadler.de\/index.php?rest_route=\/wp\/v2\/pages\/15\/revisions\/437"}],"wp:attachment":[{"href":"https:\/\/www.tierpraxis-stadler.de\/index.php?rest_route=%2Fwp%2Fv2%2Fmedia&parent=15"}],"curies":[{"name":"wp","href":"https:\/\/api.w.org\/{rel}","templated":true}]}}