{"id":701,"date":"2017-02-13T14:30:11","date_gmt":"2017-02-13T13:30:11","guid":{"rendered":"http:\/\/www.tierpraxis-stadler.de\/?page_id=701"},"modified":"2022-07-29T10:35:52","modified_gmt":"2022-07-29T08:35:52","slug":"seminare","status":"publish","type":"page","link":"https:\/\/www.tierpraxis-stadler.de\/?page_id=701","title":{"rendered":"Seminare"},"content":{"rendered":"<p><img loading=\"lazy\" decoding=\"async\" src=\"http:\/\/www.tierpraxis-stadler.de\/wp-content\/uploads\/2020\/05\/seminare.jpg\" alt=\"Seminare\" width=\"1700\" height=\"900\" class=\"alignnone size-full wp-image-844\" srcset=\"https:\/\/www.tierpraxis-stadler.de\/wp-content\/uploads\/2020\/05\/seminare.jpg 1700w, https:\/\/www.tierpraxis-stadler.de\/wp-content\/uploads\/2020\/05\/seminare-679x359.jpg 679w, https:\/\/www.tierpraxis-stadler.de\/wp-content\/uploads\/2020\/05\/seminare-1024x542.jpg 1024w, https:\/\/www.tierpraxis-stadler.de\/wp-content\/uploads\/2020\/05\/seminare-768x407.jpg 768w, https:\/\/www.tierpraxis-stadler.de\/wp-content\/uploads\/2020\/05\/seminare-1536x813.jpg 1536w\" sizes=\"auto, (max-width: 1700px) 100vw, 1700px\" \/><\/p>\n<h1>SEMINARE, VORTR\u00c4GE UND WORKSHOPS<\/h1>\n<h1 class=\"teaser\">Im Haus der Tierpraxis f\u00fcr ganzheitliche Therapie finden ganzj\u00e4hrig immer wieder Veranstaltungen statt. Nicht nur rund ums Thema Tier.<\/h1>\n<p>Es ist schon ein ganz besonderes Fleckchen Erde hier bei uns am Ammersee! Und einen Ort zum Runterkommen, Ankommen, sich Wohlf\u00fchlen und Auftanken m\u00f6chten wir auch in und mit unseren R\u00e4umlichkeiten bieten, die wir f\u00fcr Workshops, Coachings und Seminare zur Verf\u00fcgung stellen. <\/p>\n<p>Es stehen bei uns im Haus zwei verschiedene R\u00e4umlichkeiten zur Wahl, die bei Interesse angemietet werden k\u00f6nnen. Im Sommer steht auch ein gro\u00dfz\u00fcgiger sonniger Au\u00dfenbereich zur Verf\u00fcgung, der mitgenutzt werden kann. Die R\u00e4ume eignen sich sowohl f\u00fcr Einzelcoachings und kleine Gruppen bis hin zu Seminaren und Workshops f\u00fcr bis zu 12 Teilnehmern.<br \/>\nBei Interesse schreiben Sie uns gerne an info@tierpraxis-stadler.de<br \/>\nOder rufen Sie uns an unter 08806 95 88 618 (bitte Nachricht auf AB hinterlassen, falls wir in Terminen sind und den Anruf nicht pers\u00f6nlich entgegennehmen k\u00f6nnen).\n<\/p>\n<h2>Seminarraum 1<\/h2>\n<div class=\"one-third first\"><img loading=\"lazy\" decoding=\"async\" src=\"http:\/\/www.tierpraxis-stadler.de\/wp-content\/uploads\/2018\/10\/IMG_3364-1024x768.jpg\" alt=\"\" width=\"1024\" height=\"768\" class=\"alignnone size-large wp-image-788\" srcset=\"https:\/\/www.tierpraxis-stadler.de\/wp-content\/uploads\/2018\/10\/IMG_3364-1024x768.jpg 1024w, https:\/\/www.tierpraxis-stadler.de\/wp-content\/uploads\/2018\/10\/IMG_3364-679x509.jpg 679w, https:\/\/www.tierpraxis-stadler.de\/wp-content\/uploads\/2018\/10\/IMG_3364-768x576.jpg 768w, https:\/\/www.tierpraxis-stadler.de\/wp-content\/uploads\/2018\/10\/IMG_3364.jpg 2000w\" sizes=\"auto, (max-width: 1024px) 100vw, 1024px\" \/><\/div>\n<div class=\"one-third\"><img loading=\"lazy\" decoding=\"async\" src=\"http:\/\/www.tierpraxis-stadler.de\/wp-content\/uploads\/2018\/10\/IMG_3369-1024x768.jpg\" alt=\"\" width=\"1024\" height=\"768\" class=\"alignnone size-large wp-image-789\" srcset=\"https:\/\/www.tierpraxis-stadler.de\/wp-content\/uploads\/2018\/10\/IMG_3369-1024x768.jpg 1024w, https:\/\/www.tierpraxis-stadler.de\/wp-content\/uploads\/2018\/10\/IMG_3369-679x509.jpg 679w, https:\/\/www.tierpraxis-stadler.de\/wp-content\/uploads\/2018\/10\/IMG_3369-768x576.jpg 768w, https:\/\/www.tierpraxis-stadler.de\/wp-content\/uploads\/2018\/10\/IMG_3369.jpg 2000w\" sizes=\"auto, (max-width: 1024px) 100vw, 1024px\" \/><\/div>\n<div class=\"one-third\"><img loading=\"lazy\" decoding=\"async\" src=\"http:\/\/www.tierpraxis-stadler.de\/wp-content\/uploads\/2020\/05\/seminare_002.jpg\" alt=\"\" width=\"1024\" height=\"768\" class=\"alignnone size-full wp-image-846\" srcset=\"https:\/\/www.tierpraxis-stadler.de\/wp-content\/uploads\/2020\/05\/seminare_002.jpg 1024w, https:\/\/www.tierpraxis-stadler.de\/wp-content\/uploads\/2020\/05\/seminare_002-679x509.jpg 679w, https:\/\/www.tierpraxis-stadler.de\/wp-content\/uploads\/2020\/05\/seminare_002-768x576.jpg 768w\" sizes=\"auto, (max-width: 1024px) 100vw, 1024px\" \/><\/div>\n<h2>Seminarraum 2<\/h2>\n<div class=\"one-half first\"><img loading=\"lazy\" decoding=\"async\" src=\"http:\/\/www.tierpraxis-stadler.de\/wp-content\/uploads\/2018\/10\/MG_2659-HDR-1024x683.jpg\" alt=\"\" width=\"1024\" height=\"683\" class=\"alignnone size-large wp-image-791\" srcset=\"https:\/\/www.tierpraxis-stadler.de\/wp-content\/uploads\/2018\/10\/MG_2659-HDR-1024x683.jpg 1024w, https:\/\/www.tierpraxis-stadler.de\/wp-content\/uploads\/2018\/10\/MG_2659-HDR-679x453.jpg 679w, https:\/\/www.tierpraxis-stadler.de\/wp-content\/uploads\/2018\/10\/MG_2659-HDR-768x512.jpg 768w, https:\/\/www.tierpraxis-stadler.de\/wp-content\/uploads\/2018\/10\/MG_2659-HDR.jpg 2000w\" sizes=\"auto, (max-width: 1024px) 100vw, 1024px\" \/><\/div>\n<div class=\"one-half\"><img loading=\"lazy\" decoding=\"async\" src=\"http:\/\/www.tierpraxis-stadler.de\/wp-content\/uploads\/2018\/10\/IMG_3460-e1538387888224-1024x684.jpg\" alt=\"\" width=\"1024\" height=\"684\" class=\"alignnone size-large wp-image-792\" srcset=\"https:\/\/www.tierpraxis-stadler.de\/wp-content\/uploads\/2018\/10\/IMG_3460-e1538387888224-1024x684.jpg 1024w, https:\/\/www.tierpraxis-stadler.de\/wp-content\/uploads\/2018\/10\/IMG_3460-e1538387888224-679x453.jpg 679w, https:\/\/www.tierpraxis-stadler.de\/wp-content\/uploads\/2018\/10\/IMG_3460-e1538387888224-768x513.jpg 768w, https:\/\/www.tierpraxis-stadler.de\/wp-content\/uploads\/2018\/10\/IMG_3460-e1538387888224.jpg 2000w\" sizes=\"auto, (max-width: 1024px) 100vw, 1024px\" \/><\/div>\n<\/p>\n<p>Nachfolgend ein Auszug einiger Seminare und Veranstaltungen in unserem Haus:\n<\/p><\/div>\n<div class=\"seminar\">\n<h1 class=\"teaser\"> \u201eMein Ding finden und damit Gl\u00fcck, Erf\u00fcllung und Sinn ins Leben bringen\u201c.<\/h1>\n<p>mit Sabine Ludwig<\/p>\n<p>\t\t\t\tMehr zu dem Workshop k\u00f6nnt Ihr in der <a href=\"http:\/\/www.tierpraxis-stadler.de\/wp-content\/uploads\/2017\/02\/Mein-Ding-Workshop-Utting-2017.pdf\" target=\"_blank\" rel=\"noopener noreferrer\">beigef\u00fcgten Ausschreibung<\/a> nachlesen.<br \/>\n\t\tBei Interesse bitte direkt bei Sabine Ludwig anmelden. Nicht \u00fcber mich.<\/p>\n<\/div>\n<div class=\"seminar\">\n<h1 class=\"teaser\">Die Ursache hinter dem Krankheitssymptom.<\/h1>\n<p>Tagesseminar mit Monika Stadler. <\/p>\n<p>\t\tAnforderung der Seminarausschreibung und Anmeldung \u00fcber unsere Praxis.<br \/>\nUnter info@tierpraxis-stadler.de oder 088 06 \/ 95 88 618.<\/p>\n<div class=\"seminar\">\n<h1 class=\"teaser\">Einsatz und Therapie mit den Horvi-Enzymen<br \/><\/h1>\n<p>Die Enzyme aus den Schlangengiften sind auch in unserer Praxis nicht mehr wegzudenken. Dieser Workshop ist ausschlie\u00dflich f\u00fcr Therapeuten! Anmeldung bitte direkt bei meiner Kollegin Yvonne Fischer. Mehr zu dem Seminar sowie ein Anmeldeformular finden Sie <a href=\"http:\/\/www.tierpraxis-stadler.de\/wp-content\/uploads\/2017\/02\/Einladung-Einf\u00fchrungs-und-Weiterbildungsseminar-Utting-am-Ammersee.pdf\" target=\"_blank\" rel=\"noopener noreferrer\">hier<\/a>.\n\t\t\t<\/p>\n<div class=\"seminar\">\n<h1 class=\"teaser\"> Systemische Aus- und Weiterbildung.<br \/>\u2028Der Campus am See er\u00f6ffnet am Ammersee. <\/h1>\n<p>Einen neuen Ort zum Weiterentwickeln, Dazulernen und Vernetzen f\u00fcr Coaches, Trainer, HR-Experten, F\u00fchrungskr\u00e4fte gibt es k\u00fcnftig in Utting am Ammersee. Der Campus am See ist ein Aus- und Weiterbildungsinstitut, das neben einer einj\u00e4hrigen Coaching-Ausbildung ein vielf\u00e4ltiges Fortbildungsprogramm zu Themen rund um systemische Arbeit bietet.\u2028Die Gr\u00fcnderin und Ausbildungsleiterin, Cary Buraty, ist seit \u00fcber 15 Jahren als (Lehr-)Coach, Trainerin und Change-Beraterin t\u00e4tig und hat ein Top-Team aus spezialisierten Trainern und Experten um sich versammelt, die am Campus am See ihr Wissen teilen.\u2028Der erste Ausbildungsjahrgang startet im September 2020. Alle Infos, Termine und den Campus-Coaching-Newsletter mit jeder Menge Praxis-Tipps gibt\u2019s unter\u00a0<a href=\"https:\/\/campus-am-see.de\/\" rel=\"noopener noreferrer\" target=\"_blank\">www.campus-am-see.de<\/a>.\n<\/p>\n<p><img loading=\"lazy\" decoding=\"async\" src=\"http:\/\/www.tierpraxis-stadler.de\/wp-content\/uploads\/2020\/05\/presse-Header-mit-Logo-1024x576.png\" alt=\"\" width=\"1024\" height=\"576\" class=\"alignnone size-large wp-image-853\" srcset=\"https:\/\/www.tierpraxis-stadler.de\/wp-content\/uploads\/2020\/05\/presse-Header-mit-Logo-1024x576.png 1024w, https:\/\/www.tierpraxis-stadler.de\/wp-content\/uploads\/2020\/05\/presse-Header-mit-Logo-679x382.png 679w, https:\/\/www.tierpraxis-stadler.de\/wp-content\/uploads\/2020\/05\/presse-Header-mit-Logo-768x432.png 768w, https:\/\/www.tierpraxis-stadler.de\/wp-content\/uploads\/2020\/05\/presse-Header-mit-Logo-1536x864.png 1536w, https:\/\/www.tierpraxis-stadler.de\/wp-content\/uploads\/2020\/05\/presse-Header-mit-Logo.png 2000w\" sizes=\"auto, (max-width: 1024px) 100vw, 1024px\" \/>\n\t\t\t<\/p>\n<div class=\"seminar\">\n<h1 class=\"teaser\">Fortbildung: Somatische Intelligenz.<\/h1>\n<p>Mit Trainerin und Coach Gaby Haiber. <\/p>\n<p>\t\tMehr dazu erfahrt Ihr unter dem nachfolgenden Link. Anmeldung bitte direkt bei Gaby Haiber.<\/p>\n<blockquote class=\"wp-embedded-content\" data-secret=\"oFAc0EObn5\"><p><a href=\"https:\/\/gabyhaiber.com\/portfolio-items\/november-2018-fortbildung-somatische-intelligenz\/\">NOVEMBER 2018 &#8211; FORTBILDUNG: SOMATISCHE INTELLIGENZ<\/a><\/p><\/blockquote>\n<p><iframe loading=\"lazy\" class=\"wp-embedded-content\" sandbox=\"allow-scripts\" security=\"restricted\" style=\"position: absolute; visibility: hidden;\" title=\"&#8222;NOVEMBER 2018 &#8211; FORTBILDUNG: SOMATISCHE INTELLIGENZ&#8220; &#8212; Gabriella von Kruse\" src=\"https:\/\/gabyhaiber.com\/portfolio-items\/november-2018-fortbildung-somatische-intelligenz\/embed\/#?secret=3CSaU6RRcJ#?secret=oFAc0EObn5\" data-secret=\"oFAc0EObn5\" width=\"500\" height=\"282\" frameborder=\"0\" marginwidth=\"0\" marginheight=\"0\" scrolling=\"no\"><\/iframe>\n<\/p>\n<\/div>\n<div class=\"seminar\">\n<h1 class=\"teaser\">Tierkommunikation: Tagesseminar<\/h1>\n<p>Mit Katja Barnasiow. <\/p>\n<p>\t\tAnforderung der Seminarausschreibung \u00fcber unsere Praxis.<br \/>\nUnter info@tierpraxis-stadler.de oder 088 06 \/ 95 88 618.\n<\/p>\n<\/div>\n","protected":false},"excerpt":{"rendered":"<p>SEMINARE, VORTR\u00c4GE UND WORKSHOPS Im Haus der Tierpraxis f\u00fcr ganzheitliche Therapie finden ganzj\u00e4hrig immer wieder Veranstaltungen statt. Nicht nur rund ums Thema Tier. Es ist schon ein ganz besonderes Fleckchen Erde hier bei uns am Ammersee! Und einen Ort zum Runterkommen, Ankommen, sich Wohlf\u00fchlen und Auftanken m\u00f6chten wir auch in und mit unseren R\u00e4umlichkeiten bieten,&#8230; <a class=\"more-link\" href=\"https:\/\/www.tierpraxis-stadler.de\/?page_id=701\" rel=\"nofollow\">Weiter lesen &raquo;<\/a><\/p>\n","protected":false},"author":1,"featured_media":0,"parent":0,"menu_order":0,"comment_status":"closed","ping_status":"closed","template":"","meta":{"_genesis_hide_title":false,"_genesis_hide_breadcrumbs":false,"_genesis_hide_singular_image":false,"_genesis_hide_footer_widgets":false,"_genesis_custom_body_class":"","_genesis_custom_post_class":"","_genesis_layout":"","footnotes":""},"class_list":{"0":"post-701","1":"page","2":"type-page","3":"status-publish","5":"entry"},"_links":{"self":[{"href":"https:\/\/www.tierpraxis-stadler.de\/index.php?rest_route=\/wp\/v2\/pages\/701","targetHints":{"allow":["GET"]}}],"collection":[{"href":"https:\/\/www.tierpraxis-stadler.de\/index.php?rest_route=\/wp\/v2\/pages"}],"about":[{"href":"https:\/\/www.tierpraxis-stadler.de\/index.php?rest_route=\/wp\/v2\/types\/page"}],"author":[{"embeddable":true,"href":"https:\/\/www.tierpraxis-stadler.de\/index.php?rest_route=\/wp\/v2\/users\/1"}],"replies":[{"embeddable":true,"href":"https:\/\/www.tierpraxis-stadler.de\/index.php?rest_route=%2Fwp%2Fv2%2Fcomments&post=701"}],"version-history":[{"count":42,"href":"https:\/\/www.tierpraxis-stadler.de\/index.php?rest_route=\/wp\/v2\/pages\/701\/revisions"}],"predecessor-version":[{"id":865,"href":"https:\/\/www.tierpraxis-stadler.de\/index.php?rest_route=\/wp\/v2\/pages\/701\/revisions\/865"}],"wp:attachment":[{"href":"https:\/\/www.tierpraxis-stadler.de\/index.php?rest_route=%2Fwp%2Fv2%2Fmedia&parent=701"}],"curies":[{"name":"wp","href":"https:\/\/api.w.org\/{rel}","templated":true}]}}

<p><img loading="lazy" decoding="async" src="http://www.tierpraxis-stadler.de/wp-content/uploads/2020/05/seminare.jpg" alt="Seminare" width="1700" height="900" class="alignnone size-full wp-image-844" srcset="https://www.tierpraxis-stadler.de/wp-content/uploads/2020/05/seminare.jpg 1700w, https://www.tierpraxis-stadler.de/wp-content/uploads/2020/05/seminare-679x359.jpg 679w, https://www.tierpraxis-stadler.de/wp-content/uploads/2020/05/seminare-1024x542.jpg 1024w, https://www.tierpraxis-stadler.de/wp-content/uploads/2020/05/seminare-768x407.jpg 768w, https://www.tierpraxis-stadler.de/wp-content/uploads/2020/05/seminare-1536x813.jpg 1536w" sizes="auto, (max-width: 1700px) 100vw, 1700px" /></p>
<h1>SEMINARE, VORTRÄGE UND WORKSHOPS</h1>
<h1 class="teaser">Im Haus der Tierpraxis für ganzheitliche Therapie finden ganzjährig immer wieder Veranstaltungen statt. Nicht nur rund ums Thema Tier.</h1>
<p>Es ist schon ein ganz besonderes Fleckchen Erde hier bei uns am Ammersee! Und einen Ort zum Runterkommen, Ankommen, sich Wohlfühlen und Auftanken möchten wir auch in und mit unseren Räumlichkeiten bieten, die wir für Workshops, Coachings und Seminare zur Verfügung stellen. </p>
<p>Es stehen bei uns im Haus zwei verschiedene Räumlichkeiten zur Wahl, die bei Interesse angemietet werden können. Im Sommer steht auch ein großzügiger sonniger Außenbereich zur Verfügung, der mitgenutzt werden kann. Die Räume eignen sich sowohl für Einzelcoachings und kleine Gruppen bis hin zu Seminaren und Workshops für bis zu 12 Teilnehmern.<br />
Bei Interesse schreiben Sie uns gerne an info@tierpraxis-stadler.de<br />
Oder rufen Sie uns an unter 08806 95 88 618 (bitte Nachricht auf AB hinterlassen, falls wir in Terminen sind und den Anruf nicht persönlich entgegennehmen können).
</p>
<h2>Seminarraum 1</h2>
<div class="one-third first"><img loading="lazy" decoding="async" src="http://www.tierpraxis-stadler.de/wp-content/uploads/2018/10/IMG_3364-1024x768.jpg" alt="" width="1024" height="768" class="alignnone size-large wp-image-788" srcset="https://www.tierpraxis-stadler.de/wp-content/uploads/2018/10/IMG_3364-1024x768.jpg 1024w, https://www.tierpraxis-stadler.de/wp-content/uploads/2018/10/IMG_3364-679x509.jpg 679w, https://www.tierpraxis-stadler.de/wp-content/uploads/2018/10/IMG_3364-768x576.jpg 768w, https://www.tierpraxis-stadler.de/wp-content/uploads/2018/10/IMG_3364.jpg 2000w" sizes="auto, (max-width: 1024px) 100vw, 1024px" /></div>
<div class="one-third"><img loading="lazy" decoding="async" src="http://www.tierpraxis-stadler.de/wp-content/uploads/2018/10/IMG_3369-1024x768.jpg" alt="" width="1024" height="768" class="alignnone size-large wp-image-789" srcset="https://www.tierpraxis-stadler.de/wp-content/uploads/2018/10/IMG_3369-1024x768.jpg 1024w, https://www.tierpraxis-stadler.de/wp-content/uploads/2018/10/IMG_3369-679x509.jpg 679w, https://www.tierpraxis-stadler.de/wp-content/uploads/2018/10/IMG_3369-768x576.jpg 768w, https://www.tierpraxis-stadler.de/wp-content/uploads/2018/10/IMG_3369.jpg 2000w" sizes="auto, (max-width: 1024px) 100vw, 1024px" /></div>
<div class="one-third"><img loading="lazy" decoding="async" src="http://www.tierpraxis-stadler.de/wp-content/uploads/2020/05/seminare_002.jpg" alt="" width="1024" height="768" class="alignnone size-full wp-image-846" srcset="https://www.tierpraxis-stadler.de/wp-content/uploads/2020/05/seminare_002.jpg 1024w, https://www.tierpraxis-stadler.de/wp-content/uploads/2020/05/seminare_002-679x509.jpg 679w, https://www.tierpraxis-stadler.de/wp-content/uploads/2020/05/seminare_002-768x576.jpg 768w" sizes="auto, (max-width: 1024px) 100vw, 1024px" /></div>
<h2>Seminarraum 2</h2>
<div class="one-half first"><img loading="lazy" decoding="async" src="http://www.tierpraxis-stadler.de/wp-content/uploads/2018/10/MG_2659-HDR-1024x683.jpg" alt="" width="1024" height="683" class="alignnone size-large wp-image-791" srcset="https://www.tierpraxis-stadler.de/wp-content/uploads/2018/10/MG_2659-HDR-1024x683.jpg 1024w, https://www.tierpraxis-stadler.de/wp-content/uploads/2018/10/MG_2659-HDR-679x453.jpg 679w, https://www.tierpraxis-stadler.de/wp-content/uploads/2018/10/MG_2659-HDR-768x512.jpg 768w, https://www.tierpraxis-stadler.de/wp-content/uploads/2018/10/MG_2659-HDR.jpg 2000w" sizes="auto, (max-width: 1024px) 100vw, 1024px" /></div>
<div class="one-half"><img loading="lazy" decoding="async" src="http://www.tierpraxis-stadler.de/wp-content/uploads/2018/10/IMG_3460-e1538387888224-1024x684.jpg" alt="" width="1024" height="684" class="alignnone size-large wp-image-792" srcset="https://www.tierpraxis-stadler.de/wp-content/uploads/2018/10/IMG_3460-e1538387888224-1024x684.jpg 1024w, https://www.tierpraxis-stadler.de/wp-content/uploads/2018/10/IMG_3460-e1538387888224-679x453.jpg 679w, https://www.tierpraxis-stadler.de/wp-content/uploads/2018/10/IMG_3460-e1538387888224-768x513.jpg 768w, https://www.tierpraxis-stadler.de/wp-content/uploads/2018/10/IMG_3460-e1538387888224.jpg 2000w" sizes="auto, (max-width: 1024px) 100vw, 1024px" /></div>
</p>
<p>Nachfolgend ein Auszug einiger Seminare und Veranstaltungen in unserem Haus:
</p></div>
<div class="seminar">
<h1 class="teaser"> „Mein Ding finden und damit Glück, Erfüllung und Sinn ins Leben bringen“.</h1>
<p>mit Sabine Ludwig</p>
<p>				Mehr zu dem Workshop könnt Ihr in der <a href="http://www.tierpraxis-stadler.de/wp-content/uploads/2017/02/Mein-Ding-Workshop-Utting-2017.pdf" target="_blank" rel="noopener noreferrer">beigefügten Ausschreibung</a> nachlesen.<br />
		Bei Interesse bitte direkt bei Sabine Ludwig anmelden. Nicht über mich.</p>
</div>
<div class="seminar">
<h1 class="teaser">Die Ursache hinter dem Krankheitssymptom.</h1>
<p>Tagesseminar mit Monika Stadler. </p>
<p>		Anforderung der Seminarausschreibung und Anmeldung über unsere Praxis.<br />
Unter info@tierpraxis-stadler.de oder 088 06 / 95 88 618.</p>
<div class="seminar">
<h1 class="teaser">Einsatz und Therapie mit den Horvi-Enzymen<br /></h1>
<p>Die Enzyme aus den Schlangengiften sind auch in unserer Praxis nicht mehr wegzudenken. Dieser Workshop ist ausschließlich für Therapeuten! Anmeldung bitte direkt bei meiner Kollegin Yvonne Fischer. Mehr zu dem Seminar sowie ein Anmeldeformular finden Sie <a href="http://www.tierpraxis-stadler.de/wp-content/uploads/2017/02/Einladung-Einführungs-und-Weiterbildungsseminar-Utting-am-Ammersee.pdf" target="_blank" rel="noopener noreferrer">hier</a>.
			</p>
<div class="seminar">
<h1 class="teaser"> Systemische Aus- und Weiterbildung.<br /> Der Campus am See eröffnet am Ammersee. </h1>
<p>Einen neuen Ort zum Weiterentwickeln, Dazulernen und Vernetzen für Coaches, Trainer, HR-Experten, Führungskräfte gibt es künftig in Utting am Ammersee. Der Campus am See ist ein Aus- und Weiterbildungsinstitut, das neben einer einjährigen Coaching-Ausbildung ein vielfältiges Fortbildungsprogramm zu Themen rund um systemische Arbeit bietet. Die Gründerin und Ausbildungsleiterin, Cary Buraty, ist seit über 15 Jahren als (Lehr-)Coach, Trainerin und Change-Beraterin tätig und hat ein Top-Team aus spezialisierten Trainern und Experten um sich versammelt, die am Campus am See ihr Wissen teilen. Der erste Ausbildungsjahrgang startet im September 2020. Alle Infos, Termine und den Campus-Coaching-Newsletter mit jeder Menge Praxis-Tipps gibt’s unter <a href="https://campus-am-see.de/" rel="noopener noreferrer" target="_blank">www.campus-am-see.de</a>.
</p>
<p><img loading="lazy" decoding="async" src="http://www.tierpraxis-stadler.de/wp-content/uploads/2020/05/presse-Header-mit-Logo-1024x576.png" alt="" width="1024" height="576" class="alignnone size-large wp-image-853" srcset="https://www.tierpraxis-stadler.de/wp-content/uploads/2020/05/presse-Header-mit-Logo-1024x576.png 1024w, https://www.tierpraxis-stadler.de/wp-content/uploads/2020/05/presse-Header-mit-Logo-679x382.png 679w, https://www.tierpraxis-stadler.de/wp-content/uploads/2020/05/presse-Header-mit-Logo-768x432.png 768w, https://www.tierpraxis-stadler.de/wp-content/uploads/2020/05/presse-Header-mit-Logo-1536x864.png 1536w, https://www.tierpraxis-stadler.de/wp-content/uploads/2020/05/presse-Header-mit-Logo.png 2000w" sizes="auto, (max-width: 1024px) 100vw, 1024px" />
			</p>
<div class="seminar">
<h1 class="teaser">Fortbildung: Somatische Intelligenz.</h1>
<p>Mit Trainerin und Coach Gaby Haiber. </p>
<p>		Mehr dazu erfahrt Ihr unter dem nachfolgenden Link. Anmeldung bitte direkt bei Gaby Haiber.</p>
<blockquote class="wp-embedded-content" data-secret="oFAc0EObn5"><p><a href="https://gabyhaiber.com/portfolio-items/november-2018-fortbildung-somatische-intelligenz/">NOVEMBER 2018 &#8211; FORTBILDUNG: SOMATISCHE INTELLIGENZ</a></p></blockquote>
<p><iframe loading="lazy" class="wp-embedded-content" sandbox="allow-scripts" security="restricted" style="position: absolute; visibility: hidden;" title="&#8222;NOVEMBER 2018 &#8211; FORTBILDUNG: SOMATISCHE INTELLIGENZ&#8220; &#8212; Gabriella von Kruse" src="https://gabyhaiber.com/portfolio-items/november-2018-fortbildung-somatische-intelligenz/embed/#?secret=3CSaU6RRcJ#?secret=oFAc0EObn5" data-secret="oFAc0EObn5" width="500" height="282" frameborder="0" marginwidth="0" marginheight="0" scrolling="no"></iframe>
</p>
</div>
<div class="seminar">
<h1 class="teaser">Tierkommunikation: Tagesseminar</h1>
<p>Mit Katja Barnasiow. </p>
<p>		Anforderung der Seminarausschreibung über unsere Praxis.<br />
Unter info@tierpraxis-stadler.de oder 088 06 / 95 88 618.
</p>
</div>

<p>SEMINARE, VORTRÄGE UND WORKSHOPS Im Haus der Tierpraxis für ganzheitliche Therapie finden ganzjährig immer wieder Veranstaltungen statt. Nicht nur rund ums Thema Tier. Es ist schon ein ganz besonderes Fleckchen Erde hier bei uns am Ammersee! Und einen Ort zum Runterkommen, Ankommen, sich Wohlfühlen und Auftanken möchten wir auch in und mit unseren Räumlichkeiten bieten,&#8230; <a class="more-link" href="https://www.tierpraxis-stadler.de/?page_id=701" rel="nofollow">Weiter lesen &raquo;</a></p>
